
50
Let b be 2/10 - 1*(-18)/10. Let s = 12 + -8. What is the greatest common divisor of b and s?
2
Let j(f) = -f**2 + 2*f + 2. Let w be j(3). Let q be 1*(190/(-5))/w. Let p be 0 - 2 - (-28 + 7). Calculate the greatest common divisor of p and q.
19
Suppose -5*m = -t + 13690, 6*t = -5*m + 54051 + 28054. Calculate the greatest common factor of t and 35.
35
Suppose 4*i + 2*r - r = -1, 2*r = -i - 2. Suppose -30*j + 16*j + 112 = i. Calculate the highest common factor of 544 and j.
8
Suppose 0 = -37*o + 13633 - 5419. What is the greatest common divisor of o and 150?
6
Let p be 116*(42/24)/7. Suppose 22*k = p*k - 210. What is the highest common divisor of k and 70?
10
Suppose 130*s + 0*s - 8*s = 3416. What is the highest common factor of s and 4676?
28
Suppose -601 = -5*r + 2*h - 550, 3*r = -4*h + 67. Calculate the greatest common divisor of 962 and r.
13
Let w be (-56)/(-16) - 2/(-4). Let y be (13/8)/13 + (-155)/(-40). What is the highest common divisor of w and y?
4
Suppose 4*v + 30 = i - 64, -4*i + 3*v = -389. Let u(g) = -2*g**2 - 4*g + 745. Let q be u(19). Let f = q + i. Calculate the highest common factor of 225 and f.
45
Suppose 15 = -9*v - 75. Let w = 4 - v. What is the highest common divisor of 112 and w?
14
Let v be (-10)/(-5) - (-1)/2*-6. Let s be 12/((-21)/49*v). What is the highest common divisor of s and 42?
14
Suppose -4*j + 2147 = -93. Let x = 2254 - 2247. Calculate the highest common factor of j and x.
7
Let j be ((-5)/(-10))/(2/20). Let z = -54 - -56. Let a be 20/(z/3*6/8). What is the highest common divisor of j and a?
5
Suppose -22 = -5*g + 48. Let w be ((-140)/49 - -3) + 68/g. Suppose -u + w*c = u - 5, -c + 1 = 0. Calculate the greatest common divisor of u and 15.
5
Let w = -33 - -21. Let d(y) = -7*y - 41. Let l(h) = 4*h + 20. Let u(z) = -3*d(z) - 5*l(z). Let k be u(w). What is the greatest common divisor of k and 55?
11
Let c be 31/868 + 465910/280. What is the greatest common divisor of 364 and c?
52
Let z(o) = 12*o**2 + 139*o + 765. Let t be z(-23). Calculate the greatest common factor of 3204 and t.
356
Let y(z) = -64*z + 738. Let r be y(-105). What is the highest common divisor of 66 and r?
66
Let n be (854/(-5))/(86/(-215)). What is the highest common divisor of n and 1891?
61
Suppose 4*c + 5*r = -161, -2*r - 3*r = 5*c + 195. Suppose f + 22 = -24. Let k = c - f. What is the greatest common divisor of 4 and k?
4
Let r(u) = u - 2. Let d be r(4). Let f(y) = -66*y + 2. Let g be f(d). Let z be (g/20)/(2/(-16)). Calculate the greatest common factor of 13 and z.
13
Let p(n) = -n. Let w(t) = 30*t**2 - 5*t - 4. Let r(j) = 2*p(j) - w(j). Let k be r(-1). Let y = k + 55. What is the highest common factor of 104 and y?
26
Suppose -21 = -s - 4*k, -12*s + k = -9*s - 50. Suppose 0 = -l - s + 57. What is the greatest common factor of 8 and l?
8
Suppose z + 10*z + 12*z = 0. Suppose -5*d + p + 25 + 81 = z, 5*p - 79 = -4*d. What is the highest common divisor of 63 and d?
21
Suppose 0 = 14*m - 19*m + 2*l + 180, -3*m - 5*l = -108. Let q(i) = 69*i + 3. Let n be q(1). Calculate the highest common factor of n and m.
36
Let i be (36/(-16))/(6/(-1944)). Calculate the highest common divisor of i and 27.
27
Suppose 231*f - 292*f + 305 = 0. Calculate the greatest common divisor of f and 9005.
5
Let z = 1096 - 986. Calculate the highest common factor of 11770 and z.
110
Let w(g) = 23*g - 713. Let p be w(31). Let a(j) = -9 - 2*j + 63 + 8*j. Let u be a(p). Calculate the highest common factor of u and 81.
27
Suppose 28 = -27*j + 82. Suppose 4*l - 2008 = -2*z, -3*l - 4*z + 2504 = j*l. What is the highest common divisor of 72 and l?
72
Let c be -7*-1*(-108086)/(-119). Calculate the greatest common factor of 11 and c.
11
Let t = 94 + 62. Let x be (1176/768)/49 + 5810/448. Calculate the greatest common factor of t and x.
13
Suppose -5*u - 21 = 2*m, 3*u + 2 = 5*m - 23. Suppose -r = -a + 21, 4 + 39 = m*a - 3*r. Suppose 30 = k - 30. What is the greatest common factor of k and a?
20
Let y = 404 - 926. Let i = 578 + y. What is the greatest common factor of 364 and i?
28
Suppose 13*h - 43*h = 12510. Let t = h + 667. Calculate the highest common factor of 20 and t.
10
Let m(c) = 364*c - 2524. Let s be m(7). What is the greatest common divisor of s and 540?
12
Suppose m - 384 = 4*g + 189, -3*g = -5*m + 451. Let t = g + 149. Calculate the greatest common factor of t and 63.
7
Suppose 2*l - 870 = -4*s, -3*s = 10*l - 4*l - 2619. What is the highest common factor of 456 and l?
19
Let j = -2394 - -3211. What is the highest common divisor of 133 and j?
19
Let h be (0/4 - -508)*1/(-2). Let q = -65 - h. Let t = q + -91. What is the greatest common divisor of t and 14?
14
Suppose -2*m - 728 = -4*c, -2*m + 364 = 2*c - 0*m. Let a = -54 + 150. Let q = 122 - a. What is the highest common divisor of q and c?
26
Suppose 464*r - 1355 = 9781. Suppose 0 = -g - 3*g + 744. Calculate the highest common divisor of g and r.
6
Suppose 0 = -3*z + a + 73, 4*z = a - 5*a + 76. Let o = 24 - z. Suppose -3 = -2*l + o, -x - 4*l + 16 = 0. What is the greatest common divisor of 88 and x?
8
Suppose -5*b = -346 + 121. Let j = -95 + 100. Suppose 0 = -j*c - 15 + b. What is the highest common factor of c and 48?
6
Let z be 3/6 - 11/(-2). Suppose 0 = 5*h + 3*k - z*k - 10, 20 = 3*h + k. Suppose 3*j + 16 = h*j. Calculate the highest common divisor of j and 32.
8
Let r(n) = -409*n - 718. Let m be r(-2). What is the greatest common divisor of 475 and m?
25
Let o = 16 - 13. Suppose -3*i + 4*i = -o*f + 14, -5*i - f + 56 = 0. Suppose -131 = -i*t - 32. What is the highest common divisor of 72 and t?
9
Let q be (-2)/(-6) + ((-34)/3 - 7). Let c = q + 29. Suppose -171 = -4*k - c. What is the greatest common divisor of k and 10?
10
Let w = 18 + -17. Let v(b) = 17*b**3 + b - 1. Let j be v(w). Let q = 11 + j. Calculate the greatest common factor of 4 and q.
4
Let x(j) = 248*j - 5029. Let l be x(98). What is the greatest common factor of l and 75?
75
Let r be (1352/182 + -12)/(4/(-14)). What is the highest common factor of r and 5312?
16
Let o(r) be the first derivative of 5*r**2/2 - 36*r + 131. Let j be -9*(-8)/6 - 1. Let n be o(j). Calculate the greatest common factor of n and 133.
19
Suppose 13*a + 14070 = 55*a. What is the highest common divisor of a and 603?
67
Suppose -5*m - 13*n + 26183 = -15*n, 2*m - 10454 = -4*n. What is the highest common factor of 15 and m?
15
Let s(w) = 11*w - 80. Let h(r) = 3*r - 1. Let c(f) = h(f) - s(f). Let k be c(9). What is the highest common divisor of k and 35?
7
Let m = 643 + -463. Let l be (m/(-108))/(1/(-27)). Calculate the greatest common factor of l and 216.
9
Suppose 5*j + 824 + 61 = 0. Let z = 19 - j. Suppose -14*i - 4*i = -882. Calculate the greatest common factor of z and i.
49
Let n(v) = 3*v**2 + 12*v + 13. Suppose -18*o - 12 = -14*o. Let d be n(o). What is the highest common factor of 34 and d?
2
Let q be 12/8 - (-2)/(-4). Suppose h + q = -t + 16, 0 = 2*h + t - 35. Suppose 439*w - 431*w = 1120. What is the greatest common divisor of w and h?
20
Suppose 78*n - 83*n = 3*i - 3616, 2888 = 4*n + 3*i. What is the greatest common factor of n and 21?
7
Let b be (4320/(-14))/4*42/(-4). Suppose 0 = 78*q - 81*q + b. Calculate the highest common divisor of 12 and q.
6
Let y(f) = 16*f**2 + 34*f - 178. Let p be y(6). Calculate the highest common divisor of p and 238.
14
Let d be (-310970)/(-100) - 3/(-10). What is the greatest common factor of 20 and d?
10
Let a = 119 + -55. Let g be 308/(-33)*48/(-4). Calculate the highest common factor of g and a.
16
Suppose 0 = 2*c + c + 327. Let v = 511 - 576. Let j = v - c. Calculate the greatest common factor of j and 132.
44
Let x = 13937 + -13207. Calculate the greatest common divisor of 10 and x.
10
Suppose -444*l = -157054 - 213029 + 15771. Calculate the greatest common factor of 138 and l.
6
Let x(j) = -j**2 + 3*j + 77. Suppose -63 = 18*k - 9*k. Let n be x(k). Calculate the highest common divisor of n and 35.
7
Suppose -7 + 9 = 2*v. Let q(s) = -22*s - v - 4 + 18*s. Let d be q(-4). Calculate the highest common divisor of d and 99.
11
Let f(n) = 2*n**2 + 4*n + 5. Let i be f(-5). Let d(j) = 75*j**3 - i*j**3 - 39*j**3 + 4. Let m be d(0). What is the highest common factor of 4 and m?
4
Suppose 6*t - 4*t = -0*t + 1482. What is the highest common di